{"id":13889,"date":"2022-06-27T16:59:42","date_gmt":"2022-06-27T22:59:42","guid":{"rendered":"https:\/\/anthonyspasteleria.com\/?post_type=product&#038;p=13889"},"modified":"2025-07-30T09:52:53","modified_gmt":"2025-07-30T15:52:53","slug":"budin","status":"publish","type":"product","link":"https:\/\/anthonyspasteleria.com\/?product=budin","title":{"rendered":"Bud\u00edn"},"content":{"rendered":"<p>Porci\u00f3n de bud\u00edn<\/p>\n","protected":false},"excerpt":{"rendered":"<p>Porci\u00f3n de bud\u00edn<\/p>\n","protected":false},"featured_media":13890,"comment_status":"open","ping_status":"closed","template":"","meta":[],"_links":{"self":[{"href":"https:\/\/anthonyspasteleria.com\/index.php?rest_route=\/wp\/v2\/product\/13889"}],"collection":[{"href":"https:\/\/anthonyspasteleria.com\/index.php?rest_route=\/wp\/v2\/product"}],"about":[{"href":"https:\/\/anthonyspasteleria.com\/index.php?rest_route=\/wp\/v2\/types\/product"}],"replies":[{"embeddable":true,"href":"https:\/\/anthonyspasteleria.com\/index.php?rest_route=%2Fwp%2Fv2%2Fcomments&post=13889"}],"wp:featuredmedia":[{"embeddable":true,"href":"https:\/\/anthonyspasteleria.com\/index.php?rest_route=\/wp\/v2\/media\/13890"}],"wp:attachment":[{"href":"https:\/\/anthonyspasteleria.com\/index.php?rest_route=%2Fwp%2Fv2%2Fmedia&parent=13889"}],"curies":[{"name":"wp","href":"https:\/\/api.w.org\/{rel}","templated":true}]}}